39592626.
2, 269796313
List the prime factors of 248124620.
2, 5, 31, 41, 43, 227
What are the prime factors of 1777086898?
2, 1039, 855191
What are the prime factors of 627290884?
2, 11, 353, 40387
List the prime factors of 425326974.
2, 3, 70887829
What are the prime factors of 2480714073?
3, 251, 389, 941
What are the prime factors of 127884930?
2, 3, 5, 4262831
What are the prime factors of 3489121444?
2, 1637, 532853
What are the prime factors of 241780045?
5, 13, 3719693
List the prime factors of 879773714.
2, 439886857
What are the prime factors of 823278953?
7, 117611279
What are the prime factors of 891663298?
2, 71, 6279319
List the prime factors of 514082271.
3, 293, 584849
List the prime factors of 378654128.
2, 23665883
What are the prime factors of 39764235?
3, 5, 7, 54101
What are the prime factors of 993578919?
3, 47, 61, 331, 349
What are the prime factors of 3066849001?
10313, 297377
List the prime factors of 239672628.
2, 3, 13, 170707
What are the prime factors of 3072862320?
2, 3, 5, 11, 269, 4327
List the prime factors of 224853251.
7, 32121893
What are the prime factors of 49913806?
2, 811, 30773
What are the prime factors of 120822030?
2, 3, 5, 7, 7103
What are the prime factors of 1844229996?
2, 3, 7, 181, 40433
List the prime factors of 137010846.
2, 3, 7, 67, 181, 269
List the prime factors of 295625462.
2, 11, 13437521
What are the prime factors of 935145146?
2, 13, 17, 2115713
What are the prime factors of 31502656?
2, 277, 1777
What are the prime factors of 138085971?
3, 46028657
What are the prime factors of 664482472?
2, 547, 151847
List the prime factors of 2514566238.
2, 3, 53, 149197
List the prime factors of 3874166947.
7, 553452421
List the prime factors of 55926097.
359, 155783
What are the prime factors of 414921566?
2, 2357, 88019
List the prime factors of 75787536.
2, 3, 11, 143537
What are the prime factors of 270247338?
2, 3, 239, 62819
What are the prime factors of 3782542968?
2, 3, 349, 50177
What are the prime factors of 559790911?
3673, 152407
What are the prime factors of 1122047430?
2, 3, 5, 7, 17, 314299
What are the prime factors of 3083879435?
5, 7, 13, 968251
What are the prime factors of 44951575?
5, 73, 24631
What are the prime factors of 24086804?
2, 7, 53, 16231
List the prime factors of 3964760469.
3, 31, 14210611
List the prime factors of 81320733.
3, 13, 191, 1213
List the prime factors of 57707498.
2, 28853749
What are the prime factors of 60816507?
3, 83, 244243
List the prime factors of 1111219985.
5, 222243997
List the prime factors of 62859964.
2, 15714991
What are the prime factors of 274856910?
2, 3, 5, 9161897
List the prime factors of 803412076.
2, 397, 505927
What are the prime factors of 165659727?
3, 19, 523, 5557
What are the prime factors of 213289276?
2, 17, 3136607
List the prime factors of 8915811.
3, 179, 16603
What are the prime factors of 3046375047?
3, 23, 1919581
What are the prime factors of 1846554927?
3, 7, 53, 79, 21001
What are the prime factors of 67692745?
5, 13538549
What are the prime factors of 83004293?
19, 29, 199, 757
List the prime factors of 51342126.
2, 3, 11, 777911
List the prime factors of 2258721391.
2258721391
List the prime factors of 1180181908.
2, 295045477
What are the prime factors of 179912456?
2, 4463, 5039
What are the prime factors of 4269449?
307, 13907
List the prime factors of 8819920.
2, 5, 41, 2689
List the prime factors of 1698630210.
2, 3, 5, 19, 263, 1259
List the prime factors of 142550767.
179, 796373
What are the prime factors of 24248298?
2, 3, 4041383
What are the prime factors of 920875319?
7, 13, 797, 12697
What are the prime factors of 81711603?
3, 9079067
List the prime factors of 59131320.
2, 3, 5, 492761
What are the prime factors of 101946062?
2, 5297, 9623
List the prime factors of 270425871.
3, 61, 229, 239
List the prime factors of 550881330.
2, 3, 5, 41, 227, 1973
List the prime factors of 14122665.
3, 5, 17, 18461
List the prime factors of 468836979.
3, 13, 179, 239, 281
List the prime factors of 1144684706.
2, 11, 83, 211, 2971
What are the prime factors of 61850131?
7, 17, 193, 2693
What are the prime factors of 465965859?
3, 211, 223, 3301
What are the prime factors of 396051450?
2, 3, 5, 2640343
What are the prime factors of 868900402?
2, 397, 1094333
What are the prime factors of 1520150719?
1520150719
What are the prime factors of 83890066?
2, 13, 3226541
What are the prime factors of 85953998?
2, 13, 3305923
What are the prime factors of 23458891?
139, 168769
List the prime factors of 117221718.
2, 3, 19536953
List the prime factors of 141221909.
23, 29, 211727
List the prime factors of 991726017.
3, 10069, 32831
List the prime factors of 126952272.
2, 3, 23, 4259
List the prime factors of 1192853927.
43, 27740789
List the prime factors of 77197507.
29, 421, 6323
List the prime factors of 97532110.
2, 5, 13, 109, 6883
List the prime factors of 59717904.
2, 3, 31, 67, 599
What are the prime factors of 133022271?
3, 23, 31, 62189
List the prime factors of 73295324.
2, 3331, 5501
List the prime factors of 318860615.
5, 23, 167, 16603
What are the prime factors of 842178603?
3, 7, 23, 1743641
What are the prime factors of 26841225?
3, 5, 357883
List the prime factors of 1182214968.
2, 3, 11, 4478087
List the prime factors of 343628760.
2, 3, 5, 2863573
What are the prime factors of 14274831?
3, 4758277
What are the prime factors of 64314815?
5, 12862963
What are the prime factors of 655413126?
2, 3, 41, 73, 36497
What are the prime factors of 78084413?
11, 67, 101, 1049
List the prime factors of 333264.
2, 3, 53, 131
List the prime factors of 77364497.
7, 11052071
What are the prime factors of 416258444?
2, 7, 1571, 9463
What are the prime factors of 6937500?
2, 3, 5, 37
What are the prime factors of 2553427810?
2, 5, 255342781
List the prime factors of 69411294.
2, 3, 19, 31, 6547
What are the prime factors of 111346042?
2, 19, 2930159
What are the prime factors of 9900522?
2, 3, 183343
What are the prime factors of 71892172?
2, 11, 1633913
List the prime factors of 255917994.
2, 3, 42652999
List the prime factors of 41826821.
41826821
List the prime factors of 783794.
2, 11, 23, 1549
List the prime factors of 17366015.
5, 131, 26513
What are the prime factors of 1933196375?
5, 11, 151, 9311
What are the prime factors of 153585674?
2, 11, 23, 303529
List the prime factors of 78908804.
2, 13, 113, 1033
What are the prime factors of 306019853?
23, 13305211
What are the prime factors of 55762699?
137, 2971
What are the prime factors of 460031758?
2, 6269, 36691
What are the prime factors of 208026487?
208026487
List the prime factors of 858574823.
647, 1327009
List the prime factors of 17457475.
5, 7, 14251
List the prime factors of 158297660.
2, 5, 29, 272927
What are the prime factors of 2795141010?
2, 3, 5, 23, 887, 4567
What are the prime factors of 63783514?
2, 97, 328781
What are the prime factors of 2638071812?
2, 4423, 149111
List the prime factors of 109497663.
3, 11, 17, 7229
What are the prime factors of 4258715751?
3, 157730213
What are the prime factors of 369841170?
2, 3, 5, 61, 202099
List the prime factors of 215848357.
215848357
What are the prime factors of 521302432?
2, 7, 2327243
List the prime factors of 161613642.
2, 3, 53, 479, 1061
What are the prime factors of 203124898?
2, 151, 461, 1459
List the prime factors of 141870010.
2, 5, 14187001
What are the prime factors of 143802103?
1181, 121763
What are the prime factors of 229510801?
13, 17654677
List the prime factors of 392830931.
392830931
What are the prime factors of 34288812?
2, 3, 317489
List the prime factors of 76637356.
2, 103, 186013
What are the prime factors of 124579951?
124579951
What are the prime factors of 94422344?
2, 41, 287873
List the prime factors of 29615233.
29615233
What are the prime factors of 2144521996?
2, 15971, 33569
What are the prime factors of 40109111?
7, 41, 139753
What are the prime factors of 170828302?
2, 85414151
List the prime factors of 253468848.
2, 3, 73, 72337
List the prime factors of 43479239.
19, 53, 43177
List the prime factors of 91537982.
2, 109, 599, 701
List the prime factors of 3626083304.
2, 157, 2887009
What are the prime factors of 120282519?
3, 7, 5727739
What are the pri